290.
29
What is the greatest common divisor of 6872204 and 35300?
1412
What is the greatest common divisor of 28484197 and 35?
7
What is the greatest common factor of 719108 and 86476?
52
Calculate the greatest common divisor of 99729 and 10542.
21
Calculate the greatest common divisor of 15410 and 3935990.
230
What is the highest common divisor of 97147340 and 4360?
2180
Calculate the highest common factor of 686783 and 355.
71
What is the highest common factor of 2761909 and 2231?
23
Calculate the greatest common divisor of 184 and 75525974.
46
Calculate the highest common divisor of 136767162 and 14.
14
Calculate the greatest common divisor of 2342148 and 2130.
426
What is the highest common divisor of 23096695 and 1480?
185
What is the highest common factor of 54660 and 117420?
60
What is the greatest common factor of 67940 and 3923320?
860
Calculate the greatest common factor of 158 and 2609923.
79
Calculate the greatest common factor of 50572784 and 2664.
296
Calculate the greatest common factor of 40 and 5617100.
20
What is the greatest common divisor of 19887 and 166957994?
6629
Calculate the highest common factor of 67164 and 8724.
12
What is the highest common divisor of 404100 and 2560?
20
What is the highest common factor of 333266 and 393962?
562
What is the highest common factor of 385836250 and 8500?
4250
What is the greatest common factor of 1723868 and 204?
68
What is the greatest common factor of 3144 and 828313?
131
What is the greatest common factor of 20691 and 153?
9
What is the highest common divisor of 5854756 and 19436?
452
What is the greatest common divisor of 2879721 and 368289?
1359
What is the highest common divisor of 36 and 5314168?
4
What is the highest common factor of 32469 and 297564?
411
What is the highest common divisor of 20324197 and 27387?
3043
What is the highest common factor of 7947317 and 287?
287
What is the highest common divisor of 390657599 and 46?
23
Calculate the highest common factor of 25404 and 14904.
12
Calculate the greatest common divisor of 672 and 4839576.
168
Calculate the highest common factor of 645530 and 65.
5
Calculate the highest common factor of 8957 and 117.
13
Calculate the greatest common divisor of 11119838 and 358.
358
Calculate the highest common factor of 10944174 and 72.
6
Calculate the greatest common factor of 1134 and 4442256.
378
Calculate the greatest common divisor of 2894990 and 420.
70
What is the greatest common factor of 6155 and 31370?
5
Calculate the greatest common factor of 92372212 and 8.
4
What is the highest common divisor of 1938762 and 497513?
5129
Calculate the greatest common factor of 2988 and 65444.
4
Calculate the greatest common factor of 49644 and 4011511.
1379
What is the highest common factor of 978 and 108932574?
978
Calculate the highest common factor of 8 and 65608520.
8
Calculate the highest common factor of 7990 and 8044285.
235
What is the highest common factor of 6 and 24757404?
6
Calculate the greatest common divisor of 10 and 338258490.
10
What is the greatest common divisor of 2025 and 43050285?
405
What is the highest common factor of 438 and 244860?
6
What is the highest common divisor of 178248 and 25032?
168
What is the greatest common divisor of 20862633 and 759?
759
What is the greatest common divisor of 13321 and 181357?
11
What is the highest common divisor of 80047 and 16805657?
4213
What is the greatest common divisor of 2 and 1389026?
2
Calculate the highest common factor of 8281 and 10716433.
91
What is the highest common divisor of 27127781 and 274?
137
What is the highest common factor of 921522 and 93240?
1554
Calculate the greatest common divisor of 180 and 84736440.
180
What is the highest common divisor of 5488 and 14942452?
1372
Calculate the highest common divisor of 1623 and 3032846.
541
What is the highest common divisor of 40 and 43670168?
8
Calculate the greatest common factor of 3873006 and 29664.
1854
What is the greatest common divisor of 472 and 150607589?
59
What is the greatest common divisor of 117 and 49657530?
39
Calculate the greatest common factor of 840 and 307110.
30
Calculate the highest common factor of 3334487 and 2431.
13
What is the highest common factor of 21524408 and 281576?
4616
Calculate the highest common factor of 71307499 and 8471.
197
What is the greatest common factor of 23166 and 194238?
1782
Calculate the highest common factor of 197313 and 407086.
89
What is the highest common factor of 852 and 36489828?
12
Calculate the greatest common divisor of 1314 and 75728448.
1314
Calculate the greatest common factor of 115346 and 58454.
22
What is the greatest common divisor of 26624 and 5445544?
104
Calculate the highest common divisor of 1924 and 1327573.
13
Calculate the highest common divisor of 168 and 50613.
3
What is the greatest common factor of 33245914 and 104?
26
Calculate the highest common divisor of 261069 and 56967.
51
Calculate the highest common divisor of 2089822030 and 20.
10
What is the greatest common factor of 45 and 5768613?
9
What is the highest common factor of 3657810 and 55029?
3237
What is the greatest common factor of 401 and 129449?
1
What is the greatest common factor of 571819 and 1748303?
1493
Calculate the highest common divisor of 182 and 205876736.
26
What is the greatest common factor of 16 and 451718?
2
What is the greatest common factor of 4742 and 37938371?
2371
What is the greatest common divisor of 177942 and 2073264?
282
Calculate the highest common factor of 1360 and 2593922560.
1360
What is the highest common factor of 5655510 and 210?
210
Calculate the highest common divisor of 297252 and 2513.
359
What is the greatest common divisor of 1014660 and 1935?
45
Calculate the greatest common divisor of 69517890 and 390.
390
What is the highest common factor of 2443110 and 1860?
930
What is the highest common factor of 2783 and 5328433?
253
Calculate the greatest common divisor of 67 and 271704564.
67
Calculate the highest common factor of 288 and 279109152.
288
Calculate the highest common factor of 18 and 26862726.
6
Calculate the greatest common factor of 2555665 and 805.
35
What is the greatest common factor of 97627542 and 8310?
1662
Calculate the highest common divisor of 36785088 and 5184.
576
Calculate the greatest common divisor of 24561415 and 5.
5
What is the greatest common factor of 978096 and 65559?
123
What is the greatest common divisor of 3432 and 3349896?
264
Calculate the highest common factor of 6405 and 1355970.
105
Calculate the greatest common factor of 49900610 and 19856.
2482
Calculate the highest common divisor of 27203 and 19469929.
2473
What is the greatest common divisor of 355980 and 1092?
12
What is the highest common factor of 25692 and 2564?
4
Calculate the highest common factor of 401132984 and 2072.
2072
Calculate the greatest common factor of 82937720 and 93240.
1480
What is the highest common factor of 26268242 and 3003?
1001
Calculate the highest common divisor of 78780336 and 24.
24
Calculate the highest common factor of 364480685 and 215.
215
Calculate the highest common divisor of 2322 and 44668314.
2322
What is the highest common factor of 3350 and 77260?
10
What is the highest common divisor of 160427790 and 1395?
1395
Calculate the highest common factor of 11410 and 4040770.
1630
Calculate the greatest common divisor of 300 and 5681325.
75
Calculate the greatest common divisor of 14260117 and 1418.
709
Calculate the greatest common divisor of 4394 and 128365978.
338
What is the highest common divisor of 9696572 and 1636?
1636
What is the highest common divisor of 10819 and 9428929?
31
Calculate the greatest common divisor of 7456 and 11252735.
233
What is the highest common factor of 2844 and 1509048?
36
Calculate the highest common factor of 35679 and 357441.
21
What is the highest common divisor of 291 and 37459169?
97
Calculate the highest common factor of 50721344 and 320.
64
Calculate the greatest common factor of 21300 and 10900.
100
Calculate the greatest common factor of 1382150 and 2240.
70
What is the greatest common divisor of 2738146 and 8261?
751
What is the greatest common factor of 4294 and 7113011?
2147
Calculate the highest common factor of 226044883 and 107.
107
What is the highest